r when 70 is divided by 6?
4
Calculate the remainder when 544 is divided by 78.
76
What is the remainder when 381 is divided by 133?
115
Calculate the remainder when 2002 is divided by 28.
14
Calculate the remainder when 2297 is divided by 34.
19
Calculate the remainder when 390 is divided by 66.
60
Calculate the remainder when 398 is divided by 175.
48
What is the remainder when 130 is divided by 15?
10
What is the remainder when 204 is divided by 71?
62
What is the remainder when 124 is divided by 34?
22
What is the remainder when 3534 is divided by 352?
14
What is the remainder when 273 is divided by 92?
89
What is the remainder when 734 is divided by 43?
3
What is the remainder when 347 is divided by 5?
2
Calculate the remainder when 88 is divided by 41.
6
What is the remainder when 350 is divided by 122?
106
Calculate the remainder when 1728 is divided by 102.
96
Calculate the remainder when 2103 is divided by 2082.
21
What is the remainder when 23373 is divided by 48?
45
Calculate the remainder when 22643 is divided by 6.
5
Calculate the remainder when 685 is divided by 32.
13
Calculate the remainder when 940 is divided by 63.
58
Calculate the remainder when 2566 is divided by 173.
144
What is the remainder when 929 is divided by 62?
61
Calculate the remainder when 726 is divided by 24.
6
What is the remainder when 1188 is divided by 31?
10
Calculate the remainder when 112 is divided by 25.
12
What is the remainder when 100 is divided by 92?
8
What is the remainder when 3523 is divided by 82?
79
What is the remainder when 167 is divided by 34?
31
Calculate the remainder when 783 is divided by 94.
31
Calculate the remainder when 1292 is divided by 37.
34
Calculate the remainder when 625 is divided by 11.
9
What is the remainder when 793 is divided by 114?
109
What is the remainder when 1689 is divided by 146?
83
What is the remainder when 261 is divided by 92?
77
What is the remainder when 1423 is divided by 57?
55
Calculate the remainder when 566 is divided by 81.
80
What is the remainder when 4124 is divided by 2060?
4
Calculate the remainder when 194 is divided by 33.
29
What is the remainder when 1046 is divided by 14?
10
Calculate the remainder when 332 is divided by 184.
148
What is the remainder when 613 is divided by 20?
13
What is the remainder when 84 is divided by 17?
16
Calculate the remainder when 2963 is divided by 78.
77
Calculate the remainder when 287 is divided by 284.
3
Calculate the remainder when 548 is divided by 11.
9
What is the remainder when 3947 is divided by 14?
13
Calculate the remainder when 815 is divided by 162.
5
Calculate the remainder when 6830 is divided by 53.
46
Calculate the remainder when 881 is divided by 6.
5
What is the remainder when 283 is divided by 72?
67
What is the remainder when 4039 is divided by 162?
151
Calculate the remainder when 259 is divided by 14.
7
Calculate the remainder when 54 is divided by 16.
6
Calculate the remainder when 1980 is divided by 31.
27
Calculate the remainder when 180 is divided by 14.
12
What is the remainder when 168 is divided by 36?
24
What is the remainder when 1309 is divided by 121?
99
Calculate the remainder when 146 is divided by 25.
21
What is the remainder when 139 is divided by 59?
21
What is the remainder when 294 is divided by 40?
14
Calculate the remainder when 315 is divided by 77.
7
What is the remainder when 422 is divided by 42?
2
Calculate the remainder when 1475 is divided by 12.
11
Calculate the remainder when 1567 is divided by 157.
154
Calculate the remainder when 50 is divided by 5.
0
Calculate the remainder when 288 is divided by 57.
3
Calculate the remainder when 142 is divided by 70.
2
Calculate the remainder when 582 is divided by 281.
20
What is the remainder when 1326 is divided by 439?
9
What is the remainder when 754 is divided by 111?
88
Calculate the remainder when 219 is divided by 8.
3
Calculate the remainder when 571 is divided by 54.
31
Calculate the remainder when 152 is divided by 77.
75
Calculate the remainder when 127 is divided by 33.
28
Calculate the remainder when 106 is divided by 34.
4
What is the remainder when 13154 is divided by 15?
14
What is the remainder when 1624 is divided by 31?
12
What is the remainder when 6094 is divided by 50?
44
Calculate the remainder when 411 is divided by 59.
57
What is the remainder when 97 is divided by 37?
23
What is the remainder when 2051 is divided by 46?
27
Calculate the remainder when 5096 is divided by 170.
166
Calculate the remainder when 77 is divided by 29.
19
Calculate the remainder when 675 is divided by 341.
334
What is the remainder when 102 is divided by 27?
21
Calculate the remainder when 391 is divided by 4.
3
What is the remainder when 220 is divided by 46?
36
What is the remainder when 510 is divided by 302?
208
Calculate the remainder when 227 is divided by 180.
47
Calculate the remainder when 190 is divided by 67.
56
What is the remainder when 6437 is divided by 184?
181
What is the remainder when 4924 is divided by 16?
12
Calculate the remainder when 986 is divided by 365.
256
What is the remainder when 1035 is divided by 28?
27
What is the remainder when 99 is divided by 52?
47
What is the remainder when 572 is divided by 53?
42
Calculate the remainder when 35 is divided by 2.
1
What is the remainder when 218 is divided by 50?
18
What is the remainder when 514 is divided by 131?
121
What is the remainder when 174 is divided by 93?
81
Calculate the remainder when 255 is divided by 32.
31
Calculate the remainder when 140 is divided by 21.
14
Calculate the remainder when 1345 is divided by 45.
40
Calculate the remainder when 492 is divided by 100.
92
What is the remainder when 1424 is divided by 46?
44
What is the remainder when 689 is divided by 26?
13
Calculate the remainder when 56 is divided by 20.
16
Calculate the remainder when 188 is divided by 83.
22
Calculate the remainder when 427 is divided by 43.
40
Calculate the remainder when 39 is divided by 27.
12
What is the remainder when 538 is divided by 264?
10
Calculate the remainder when 85 is divided by 41.
3
What is the remainder when 71 is divided by 25?
21
Calculate the remainder when 365 is divided by 119.
8
Calculate the remainder when 28768 is divided by 69.
64
Calculate the remainder when 86 is divided by 60.
26
Calculate the remainder when 805 is divided by 22.
13
Calculate the remainder when 103 is divided by 8.
7
What is the remainder when 40 is divided by 23?
17
What is the remainder when 1537 is divided by 119?
109
Calculate the remainder when 39 is divided by 23.
16
What is the remainder when 4007 is divided by 58?
5
Calculate the remainder when 1172 is divided by 99.
83
What is the remainder when 288 is divided by 96?
0
What is the remainder when 3223 is divided by 17?
10
Calculate the remainder when 2254 is divided by 61.
58
What is the remainder when 112 is divided by 46?
20
Calculate the remainder when 259 is divided by 20.
19
Calculate the remainder when 176 is divided by 14.
8
What is the remainder when 822 is divided by 55?
52
Calculate the remainder when 414 is divided by 53.
43
Calculate the remainder when 631 is divided by 257.
117
Calculate the remainder when 401 is divided by 37.
31
What is the remainder when 287 is divided by 6?
5
Calculate the remainder when 378 is divided by 109.
51
Calculate the remainder when 320 is divided by 155.
10
What is the remainder when 713 is divided by 143?
141
Calculate the remainder when 1573 is divided by 52.
13
Calculate the remainder when 271 is divided by 4.
3
Calculate the remainder when 488 is divided by 55.
48
What is the remainder when 1389 is divided by 459?
12
What is the remainder when 1118 is divided by 20?
18
Calculate the remainder when 255 is divided by 80.
15
What is the remainder when 72 is divided by 35?
2
What is the remainder when 534 is divided by 199?
136
Calculate the remainder when 505 is divided by 23.
22
What is the remainder when 2946 is divided by 22?
20
Calculate the remainder when 472 is divided by 12.
4
Calculate the remainder when 2946 is divided by 76.
58
What is the remainder when 293 is divided by 138?
17
Calculate the remainder when 783 is divided by 372.
39
What is the remainder when 680 is divided by 35